remainder when (-1 - -16)*28/12 is divided by o(0)?
17
Let l = 47 - 16. Suppose -51 = -y + l. Calculate the remainder when y is divided by 17.
14
Let y = -25 + 21. Calculate the remainder when y + 7 + 2 - -4 is divided by 3.
0
Suppose 6*n - 7*n - 4*w + 99 = 0, -2*w = -3*n + 227. Calculate the remainder when 138 is divided by n.
59
Let s = -9 - -13. Suppose 33 = z - 4*i - 9, -187 = -s*z - 3*i. Calculate the remainder when z is divided by 16.
14
Suppose -11*m + 162 - 8 = 0. Calculate the remainder when 46 is divided by m.
4
Suppose -k + 3*d + 110 = -3*k, 20 = -5*d. Let f = -46 - k. Calculate the remainder when (-15)/(-2) - (-2)/4 is divided by f.
2
Suppose 0 = 12*q - 5*q - 322. Suppose z - q = 16. Calculate the remainder when z is divided by 16.
14
Suppose x - 2*d - 27 = 0, -14*x + 5*d + 108 = -10*x. Calculate the remainder when 186 is divided by x.
24
Let p = 21 + 67. Suppose -4*l + p = h, -4*h - 60 + 425 = 3*l. What is the remainder when h is divided by 31?
30
Suppose -2*s = -3*k - 143, 3*s - 2*k - 70 = 2*s. Calculate the remainder when s is divided by 16.
12
Let u = -1218 - -1442. What is the remainder when u is divided by 62?
38
Suppose 0 = 16*z - 377 + 137. Let d(t) = -18*t**3 + 2*t**2 + t. Calculate the remainder when d(-1) is divided by z.
4
Suppose 0*b + 4*y = 3*b + 20, 5*b = -y + 5. What is the remainder when (b*1/4)/1 + 32 is divided by 25?
7
Let l(r) = 21*r - 22*r + 9*r**2 + 10 - 8*r**2. Calculate the remainder when 58 is divided by l(0).
8
Let j = -100 + 219. What is the remainder when j is divided by 43?
33
Suppose 4*c = -0*a - 2*a + 122, -4*c + 119 = -a. Suppose 0 = -5*x - 3*n - 2 - c, 3*n = 3. Let s = 11 + x. Calculate the remainder when s is divided by 3.
1
Let y = 32 + -32. Let c = 26 - y. Suppose k - 4*k = -45. Calculate the remainder when c is divided by k.
11
Suppose -88*x - 972 = -106*x. What is the remainder when x is divided by 49?
5
Suppose 2*q - 417 = 5*n, 6*q - 10*q + 879 = -n. Suppose -16*u + 749 = q. Calculate the remainder when u is divided by 9.
6
Suppose -2*b + 4*b = -4*x - 6, -4*b - x - 5 = 0. Calculate the remainder when 15*(-8)/12*b is divided by 4.
2
Let f be (3 - 2)/(6/12). Suppose 2*k + 2*k = f*t - 132, 4*t + 2*k - 254 = 0. What is the remainder when t is divided by 23?
18
Calculate the remainder when 61 + 1 - (-2 - (4 - 9)) is divided by 57.
2
Let w = -212 - -220. What is the remainder when 14 is divided by w?
6
Suppose 46*j - 49*j = 9. Suppose -5*i + 7 = -23. Calculate the remainder when i is divided by 2/15*j*-10.
2
Let h(j) = j**3 - 3*j**2 + 3*j + 5. Suppose 0 = 3*n - 2 - 7. Calculate the remainder when 68 is divided by h(n).
12
Let v(o) = -o**3 - 5*o**2 + 35*o - 3. What is the remainder when v(-10) is divided by 4?
3
Let t = -551 - -1915. What is the remainder when t is divided by 15?
14
Let a be ((-3)/(-5))/(7/(-35)). Let v be (-3)/((6 - 4) + a). Suppose 5*n = -v*f - 10, 0 = f + 3*f - 4*n - 40. Calculate the remainder when 18 is divided by f.
3
Suppose 2*l - 49 - 65 = 0. Let a = l - 51. Calculate the remainder when 23 is divided by a.
5
Let n = -4 - -8. Suppose -n*c = -0 - 96. What is the remainder when (-47)/(3 + (4 - 8) - 0) is divided by c?
23
Suppose -795 = -4*v - 111. What is the remainder when v is divided by 44?
39
Suppose -4*a - 1813 = -15333. Suppose o = -4*o + 165. What is the remainder when o is divided by a/286 - (-2)/11?
9
Let p(q) = -q**2 - 57*q + 15. Calculate the remainder when p(-49) is divided by 41.
38
Let v be (-335)/65 - -5 - 54/(-13). Suppose v*d - 400 = -d. Calculate the remainder when d is divided by 28.
24
Suppose -3*o - 419 = -5*k, -2*k + 4*o = -133 - 29. Calculate the remainder when 318 is divided by k.
63
Let h(v) = 3*v**3 - 2*v**2 - 3*v + 3. Suppose 39*f = 586 + 1286. What is the remainder when f is divided by h(2)?
9
Suppose -2 + 7 = j. Suppose 0 = -j*a + 1 + 64. Let m(n) = 2*n**2 + 4*n + 2. What is the remainder when m(4) is divided by a?
11
Calculate the remainder when (8/12)/(2/438) is divided by 54.
38
Let t(b) be the third derivative of -b**4/24 + 10*b**3/3 + b**2 - 1. Let n(v) = -12*v - 1. Calculate the remainder when n(-4) is divided by t(8).
11
Let g(v) = -v**3 + 9*v**2 - 11*v + 1. Let k = -23 + 48. Calculate the remainder when g(5) is divided by k.
21
Suppose 3*m + 8*l - 689 = 6*l, 2*l = -4. What is the remainder when m is divided by 18?
15
Let t(f) = -f**3 - 35*f**2 - 75*f - 51. Calculate the remainder when t(-33) is divided by 72.
30
Let d(b) = 7 - 3*b**2 - 9 + 4 + 2*b. Let j be d(-3). Let a = 0 - j. What is the remainder when a is divided by 8?
7
Let g(j) be the first derivative of 5*j**4/6 - j**3/6 + j**2 + 5. Let i(z) be the second derivative of g(z). What is the remainder when 56 is divided by i(1)?
18
Suppose -5*r + 49 + 11 = 0. Suppose 3*i - 5*i + r = 0. Suppose -5*p - 31 = -86. Calculate the remainder when p is divided by i.
5
Let i = -217 - -232. What is the remainder when 57 is divided by i?
12
Calculate the remainder when 92 is divided by (-1 - 3)*66/(-24).
4
Suppose -101 = -5*y + 4. What is the remainder when 30 is divided by y?
9
Suppose 4*j = 4*q - 2*q - 12, 0 = 2*q + 2*j + 6. Suppose -r - 2*t + 12 = q, 0*t = 5*r - 2*t - 72. What is the remainder when 25 is divided by r?
11
Let l(k) = 5*k**2 - k - 4. Calculate the remainder when l(-2) is divided by (-259)/(-35) - 7 - 76/(-10).
2
Suppose -28*s + 33*s - 20 = 0. What is the remainder when (-24 + s)*(-14)/4 is divided by 12?
10
Calculate the remainder when 19 is divided by -2*((-36)/30)/((-6)/(-20)).
3
Suppose 76 = 3*u - 2*m + m, -u - 2*m + 37 = 0. Suppose g = -0*g - 6. Let d = g + 13. Calculate the remainder when u is divided by d.
6
Let b(z) = z**3 + 17*z**2 + 17*z + 33. Calculate the remainder when (-1 - -3)/(12/162) is divided by b(-16).
10
Let y = 36 + -40. What is the remainder when 6/y*52/(-3) is divided by 14?
12
Suppose 0 = 29*u - 28*u - t - 106, -5*u = 5*t - 560. Let f(c) = -c**3 - 6*c**2 + 3*c + 9. Calculate the remainder when u is divided by f(-7).
35
Suppose -4*d + 4*w + 308 = 0, 2*d - 4*w + 160 = 4*d. Suppose 17*v + 120 = 20*v. What is the remainder when d is divided by v?
38
Let r = 1071 + -1045. What is the remainder when 40 is divided by r?
14
Let h = -365 + 382. What is the remainder when 112 is divided by h?
10
Let f = 437 - 423. Calculate the remainder when 110 is divided by f.
12
Suppose 2*v = 3*v + 3*a - 14, -4*v + 98 = -2*a. Let r be (3 - 4) + 3 + 66. Let n = -25 + r. What is the remainder when n is divided by v?
20
Let k(f) = 2*f**2 + f + 1. Let c be k(-1). Let n = c + 25. Suppose 5*d + 5*b = 34 + 6, 4*d - n = b. What is the remainder when 27 is divided by d?
6
Suppose 14*s - 3660 = 1898. Calculate the remainder when s is divided by 138.
121
Let z(p) = -p**3 + 5*p**2 + p - 1. Let o be z(5). Let d(a) = -2*a**3 - 6*a**2 + 2*a + 3. What is the remainder when d(-5) is divided by 14 + 14 - (o - 0)?
21
Let y = 1651 - 1643. Calculate the remainder when 33 + (-1)/((-1)/(-2)) is divided by y.
7
Let t(j) = -j**3 - 26*j**2 - 27*j - 46. Let m be t(-25). Suppose 0 = m*n - 10*n + 972. What is the remainder when n is divided by 55?
52
Suppose 497 = 5*l - 4*j, -2*l + 124*j + 179 = 129*j. What is the remainder when 969 is divided by l?
96
Let z be (-16)/3*6/(-4). Let j be (z + -28)*3/4. Calculate the remainder when 19 is divided by 31/3 - 10/j.
8
Suppose -175 = -5*d + 5*m, 135 = 5*d + 4*m - m. Calculate the remainder when 122 is divided by d.
2
Suppose -1377 = -22*m + 383. Calculate the remainder when m is divided by 76.
4
Let t = 293 - 236. What is the remainder when 222 is divided by t?
51
Let s = -108 + 282. Calculate the remainder when s is divided by 44.
42
Suppose -m + 18 = -3*f, 2*m + 2*m - 72 = -5*f. Calculate the remainder when 19 is divided by m.
1
Let q(a) = 19*a + 3. Let v be q(-3). Suppose 0 = w - p + 11 + 7, -2*w + 4*p - 26 = 0. Let s = w - v. What is the remainder when 61 is divided by s?
30
Suppose -5*r = 6*r - 220. Calculate the remainder when 75 is divided by r.
15
Let t(j) = 56*j**2 + 4*j + 2. Let g be t(-2). Suppose -4*d + 326 = -g. Calculate the remainder when d is divided by 35.
31
Let f be (-9)/(-3)*(17 - 1). Let k be (-6)/f + (-1)/(-8). Suppose -4*c = -4, -4*t + 3*t - 3*c + 75 = k. What is the remainder when t is divided by 25?
22
Calculate the remainder when 12078/36 